isor of 2873 and 161330.
221
Calculate the highest common factor of 1605 and 160.
5
Calculate the highest common divisor of 36205 and 5.
5
Calculate the greatest common divisor of 1712 and 83032.
856
Calculate the greatest common factor of 30 and 125730.
30
Calculate the greatest common divisor of 34571 and 53671.
191
What is the highest common factor of 299 and 151087?
23
Calculate the highest common factor of 1057 and 482143.
151
Calculate the highest common factor of 99726 and 30.
6
What is the highest common factor of 7099 and 62?
31
Calculate the greatest common divisor of 231 and 194469.
33
Calculate the greatest common factor of 88576 and 11764.
692
What is the highest common divisor of 24161 and 20128?
37
Calculate the greatest common factor of 275 and 83380.
55
What is the highest common factor of 107100 and 51?
51
Calculate the highest common divisor of 15116 and 1404.
4
Calculate the highest common divisor of 3136528 and 32.
16
What is the highest common factor of 13500 and 12250?
250
What is the greatest common divisor of 91 and 9247?
7
What is the highest common divisor of 2581 and 33266509?
2581
Calculate the greatest common divisor of 31538 and 130.
26
Calculate the highest common divisor of 1668 and 12.
12
What is the greatest common divisor of 8001 and 53361?
63
Calculate the highest common factor of 1300 and 258050.
650
What is the greatest common divisor of 188176 and 38?
38
Calculate the highest common factor of 15 and 169590.
15
Calculate the highest common factor of 81 and 72918.
9
Calculate the highest common divisor of 260642 and 1444.
722
What is the greatest common factor of 2093248 and 64?
64
Calculate the highest common divisor of 4331 and 1775.
71
Calculate the greatest common divisor of 145 and 350813.
29
Calculate the greatest common factor of 39 and 195.
39
Calculate the highest common factor of 190 and 6310.
10
What is the highest common factor of 17303 and 4069?
13
What is the highest common divisor of 1599213 and 1892?
473
Calculate the highest common factor of 125835 and 675.
15
Calculate the greatest common factor of 43 and 329.
1
What is the highest common divisor of 5796 and 1407?
21
What is the highest common factor of 512988 and 3?
3
Calculate the greatest common factor of 291 and 1751529.
291
Calculate the greatest common factor of 801 and 3827.
89
Calculate the highest common factor of 913 and 90431.
11
Calculate the highest common divisor of 20450 and 100.
50
What is the greatest common factor of 190036 and 2772?
308
What is the greatest common divisor of 18620 and 7220?
380
What is the greatest common divisor of 142365 and 75?
15
What is the greatest common divisor of 15 and 618465?
15
What is the highest common factor of 274190 and 70?
70
What is the highest common factor of 5870 and 336938?
1174
What is the highest common divisor of 3425 and 1225?
25
What is the greatest common factor of 118 and 888422?
118
Calculate the greatest common factor of 243719 and 259.
259
What is the greatest common divisor of 28829 and 1905?
127
Calculate the greatest common divisor of 2071005 and 3.
3
Calculate the highest common divisor of 2290155 and 2380.
595
What is the greatest common factor of 89940 and 690?
30
Calculate the greatest common factor of 91815 and 390.
15
Calculate the highest common divisor of 51988 and 1476.
164
What is the greatest common divisor of 221136 and 323032?
2168
What is the greatest common divisor of 378 and 147420?
378
Calculate the greatest common divisor of 1058 and 60789.
23
Calculate the greatest common factor of 42 and 82334.
14
What is the highest common divisor of 628187 and 602?
301
What is the greatest common divisor of 143 and 263593?
11
Calculate the highest common factor of 1728 and 256392.
216
Calculate the greatest common factor of 333991 and 7.
7
Calculate the highest common divisor of 646907 and 3326.
1663
Calculate the highest common divisor of 135 and 29385.
45
What is the greatest common divisor of 364 and 1508?
52
What is the highest common factor of 26448 and 285?
57
What is the greatest common divisor of 352 and 5456?
176
What is the highest common divisor of 251 and 302957?
251
What is the highest common divisor of 382106 and 1178?
62
What is the greatest common factor of 5820 and 1230?
30
Calculate the greatest common divisor of 18040 and 715.
55
What is the highest common divisor of 3575 and 3770?
65
Calculate the highest common divisor of 1206 and 14740.
134
Calculate the greatest common divisor of 8082 and 72.
18
What is the greatest common factor of 3100 and 2?
2
What is the highest common divisor of 848224 and 5824?
416
Calculate the greatest common factor of 18 and 30534.
6
What is the highest common divisor of 1562 and 3058?
22
Calculate the highest common factor of 84 and 44628.
12
Calculate the highest common factor of 1071 and 252.
63
Calculate the highest common factor of 63 and 117243.
63
What is the highest common divisor of 252 and 48195?
63
What is the highest common divisor of 3166 and 14?
2
What is the greatest common factor of 1870 and 547360?
110
What is the greatest common factor of 3765 and 720?
15
Calculate the highest common divisor of 14 and 2114.
14
Calculate the highest common factor of 104222 and 186.
62
Calculate the greatest common factor of 3402 and 84.
42
Calculate the greatest common divisor of 99421 and 4851.
49
What is the greatest common divisor of 4162 and 9?
1
Calculate the highest common divisor of 3945 and 941277.
789
What is the greatest common factor of 2235 and 10605?
15
Calculate the highest common divisor of 17332 and 1008.
28
Calculate the highest common factor of 112695 and 30.
15
What is the highest common factor of 603 and 159996?
201
Calculate the greatest common divisor of 44359 and 63.
7
What is the highest common factor of 3017 and 5?
1
Calculate the highest common factor of 111 and 91908.
111
Calculate the greatest common factor of 972709 and 53.
53
What is the greatest common factor of 100 and 2465?
5
Calculate the greatest common factor of 1412 and 85426.
706
What is the highest common divisor of 51 and 61081?
17
What is the highest common divisor of 1240 and 400?
40
What is the highest common factor of 4902030 and 5208?
1302
What is the highest common factor of 1093404 and 6194?
326
Calculate the greatest common factor of 5299967 and 199.
199
Calculate the greatest common divisor of 30 and 8090.
10
What is the greatest common factor of 27383 and 9591?
139
What is the highest common divisor of 2034 and 1322778?
678
Calculate the greatest common factor of 32 and 167408.
16
Calculate the greatest common factor of 58884 and 84.
84
Calculate the greatest common divisor of 584 and 50840.
8
Calculate the greatest common factor of 16610 and 275.
55
Calculate the highest common factor of 2482 and 4526.
146
Calculate the highest common divisor of 1020 and 302124.
204
What is the greatest common factor of 888 and 549783?
111
What is the highest common divisor of 175071 and 481?
13
What is the greatest common factor of 15975 and 171?
9
What is the greatest common divisor of 160 and 615?
5
Calculate the highest common divisor of 544 and 14093.
17
Calculate the greatest common divisor of 90 and 17046.
18
Calculate the greatest common divisor of 1135167 and 33.
33
Calculate the highest common divisor of 14773 and 395.
79
What is the highest common divisor of 124 and 7223?
31
Calculate the highest common divisor of 124134 and 408.
102
What is the greatest common factor of 2452363 and 159?
53
Calculate the greatest common factor of 864 and 97236.
36
Calculate the greatest common factor of 41 and 71.
1
What is the highest common divisor of 2954142 and 2?
2
What is the highest common factor of 245 and 21315?
245
Calculate the greatest common divisor of 2067 and 26013.
39
Calculate the highest common factor of 12075 and 9555.
105
Calculate the greatest common factor of 553 and 11298.
7
Calculate the highest common divisor of 20898 and 602.
86
Calculate the greatest common divisor of 16470 and 33550.
610
Calculate the highest common factor of 45 and 5395.
5
What is the greatest common divisor of 416 and 2160?
16
Calculate the highest common factor of 8066 and 10212.
74
Calculate the highest common factor of 155057 and 51.